{"id":7548,"date":"2025-07-15T08:42:21","date_gmt":"2025-07-15T08:42:21","guid":{"rendered":"https:\/\/www.growshopweb.com\/blog\/?page_id=7548"},"modified":"2025-07-15T08:42:21","modified_gmt":"2025-07-15T08:42:21","slug":"grow-shop-online-em-espanha","status":"publish","type":"page","link":"https:\/\/www.growshopweb.com\/blog\/pt\/grow-shop-online-em-espanha\/","title":{"rendered":"Grow Shop Online em Espanha"},"content":{"rendered":"<div id=\"ez-toc-container\" class=\"ez-toc-v2_0_82_2 counter-hierarchy ez-toc-counter ez-toc-grey ez-toc-container-direction\">\n<div class=\"ez-toc-title-container\">\n<p class=\"ez-toc-title\" style=\"cursor:inherit\">Table of Contents<\/p>\n<span class=\"ez-toc-title-toggle\"><a href=\"#\" class=\"ez-toc-pull-right ez-toc-btn ez-toc-btn-xs ez-toc-btn-default ez-toc-toggle\" aria-label=\"Alternar tabla de contenidos\"><span class=\"ez-toc-js-icon-con\"><span class=\"\"><span class=\"eztoc-hide\" style=\"display:none;\">Toggle<\/span><span class=\"ez-toc-icon-toggle-span\"><svg style=\"fill: #999;color:#999\" xmlns=\"http:\/\/www.w3.org\/2000\/svg\" class=\"list-377408\" width=\"20px\" height=\"20px\" viewBox=\"0 0 24 24\" fill=\"none\"><path d=\"M6 6H4v2h2V6zm14 0H8v2h12V6zM4 11h2v2H4v-2zm16 0H8v2h12v-2zM4 16h2v2H4v-2zm16 0H8v2h12v-2z\" fill=\"currentColor\"><\/path><\/svg><svg style=\"fill: #999;color:#999\" class=\"arrow-unsorted-368013\" xmlns=\"http:\/\/www.w3.org\/2000\/svg\" width=\"10px\" height=\"10px\" viewBox=\"0 0 24 24\" version=\"1.2\" baseProfile=\"tiny\"><path d=\"M18.2 9.3l-6.2-6.3-6.2 6.3c-.2.2-.3.4-.3.7s.1.5.3.7c.2.2.4.3.7.3h11c.3 0 .5-.1.7-.3.2-.2.3-.5.3-.7s-.1-.5-.3-.7zM5.8 14.7l6.2 6.3 6.2-6.3c.2-.2.3-.5.3-.7s-.1-.5-.3-.7c-.2-.2-.4-.3-.7-.3h-11c-.3 0-.5.1-.7.3-.2.2-.3.5-.3.7s.1.5.3.7z\"\/><\/svg><\/span><\/span><\/span><\/a><\/span><\/div>\n<nav><ul class='ez-toc-list ez-toc-list-level-1 ' ><li class='ez-toc-page-1 ez-toc-heading-level-2'><a class=\"ez-toc-link ez-toc-heading-1\" href=\"https:\/\/www.growshopweb.com\/blog\/pt\/grow-shop-online-em-espanha\/#Grow_Shop_Online_em_Espanha\" >Grow Shop Online em Espanha<\/a><ul class='ez-toc-list-level-3' ><li class='ez-toc-heading-level-3'><a class=\"ez-toc-link ez-toc-heading-2\" href=\"https:\/\/www.growshopweb.com\/blog\/pt\/grow-shop-online-em-espanha\/#Desde_2014_a_fornecer_tudo_para_o_autocultivo\" >Desde 2014 a fornecer tudo para o autocultivo<\/a><ul class='ez-toc-list-level-4' ><li class='ez-toc-heading-level-4'><a class=\"ez-toc-link ez-toc-heading-3\" href=\"https:\/\/www.growshopweb.com\/blog\/pt\/grow-shop-online-em-espanha\/#Grow_Shop_Online\" >Grow Shop Online<\/a><\/li><\/ul><\/li><li class='ez-toc-page-1 ez-toc-heading-level-3'><a class=\"ez-toc-link ez-toc-heading-4\" href=\"https:\/\/www.growshopweb.com\/blog\/pt\/grow-shop-online-em-espanha\/#O_que_e_um_kit_de_autocultivo_de_canabis\" >O que \u00e9 um kit de autocultivo de can\u00e1bis?<\/a><\/li><\/ul><\/li><\/ul><\/nav><\/div>\n<h2><span class=\"ez-toc-section\" id=\"Grow_Shop_Online_em_Espanha\"><\/span>Grow Shop Online em Espanha<span class=\"ez-toc-section-end\"><\/span><\/h2>\n<p>Na Hydroponics Blanes, Grow Shop Online, colocamos \u00e0 tua disposi\u00e7\u00e3o kits de cultivo de diferentes tamanhos e pre\u00e7os, que se adaptam ao teu or\u00e7amento e \u00e0s tuas necessidades. Tudo o que precisas num \u00fanico site.<\/p>\n<p><!--more--><\/p>\n<p><strong>Cultiva a tua can\u00e1bis de forma simples e profissional!<\/strong><\/p>\n<p><!-- Fotos 1 --><\/p>\n<h3><span class=\"ez-toc-section\" id=\"Desde_2014_a_fornecer_tudo_para_o_autocultivo\"><\/span>Desde 2014 a fornecer tudo para o autocultivo<span class=\"ez-toc-section-end\"><\/span><\/h3>\n<p><img decoding=\"async\" class=\"aligncenter size-full wp-image-7549 lazyload\" data-src=\"https:\/\/www.growshopweb.com\/blog\/wp-content\/uploads\/2025\/07\/hydroponics-blanes.jpg\" alt=\"\" width=\"1024\" height=\"567\" data-srcset=\"https:\/\/www.growshopweb.com\/blog\/wp-content\/uploads\/2025\/07\/hydroponics-blanes.jpg 1024w, https:\/\/www.growshopweb.com\/blog\/wp-content\/uploads\/2025\/07\/hydroponics-blanes-300x166.jpg 300w, https:\/\/www.growshopweb.com\/blog\/wp-content\/uploads\/2025\/07\/hydroponics-blanes-768x425.jpg 768w\" data-sizes=\"(max-width: 1024px) 100vw, 1024px\" src=\"data:image\/svg+xml;base64,PHN2ZyB3aWR0aD0iMSIgaGVpZ2h0PSIxIiB4bWxucz0iaHR0cDovL3d3dy53My5vcmcvMjAwMC9zdmciPjwvc3ZnPg==\" style=\"--smush-placeholder-width: 1024px; --smush-placeholder-aspect-ratio: 1024\/567;\" \/><\/p>\n<p>Somos uma empresa que, desde 2014, trabalha para te fornecer tudo o que precisas para o autocultivo de can\u00e1bis. Na nossa loja online, podes encontrar:<\/p>\n<ul>\n<li>Adubos e fertilizantes<\/li>\n<li>Vasos e tabuleiros<\/li>\n<li>Controlo de pragas<\/li>\n<li>Rega<\/li>\n<li>Arm\u00e1rios de cultivo<\/li>\n<li>Controlo de clima<\/li>\n<li>Ilumina\u00e7\u00e3o<\/li>\n<li>Parafern\u00e1lia<\/li>\n<\/ul>\n<h4><span class=\"ez-toc-section\" id=\"Grow_Shop_Online\"><\/span>Grow Shop Online<span class=\"ez-toc-section-end\"><\/span><\/h4>\n<p>Cultivar a tua pr\u00f3pria can\u00e1bis e ser autossuficiente agora \u00e9 poss\u00edvel. J\u00e1 n\u00e3o depender\u00e1s de terceiros quando te apetecer fumar, e ainda poder\u00e1s controlar a qualidade da can\u00e1bis, adquirindo um novo e divertido passatempo.<\/p>\n<p>Antes de comprares equipamentos e sementes, deves decidir se vais cultivar can\u00e1bis em interior ou exterior.<br \/>\nAssim, poder\u00e1s determinar se os produtos se adaptam \u00e0s tuas necessidades e evitar a compra de materiais dispendiosos e desnecess\u00e1rios.<\/p>\n<p>Colocamos \u00e0 tua disposi\u00e7\u00e3o kits de cultivo de diferentes tamanhos e pre\u00e7os, que se adaptam ao teu bolso e requisitos.<\/p>\n<p><a href=\"https:\/\/my.matterport.com\/show\/?m=jxCSHRsyFTw\" target=\"_blank\" rel=\"noopener\"><img decoding=\"async\" class=\"aligncenter size-full wp-image-7550 lazyload\" data-src=\"https:\/\/www.growshopweb.com\/blog\/wp-content\/uploads\/2025\/07\/02-BANNER-INICIO-TOUR-VIRTUAL2.jpg\" alt=\"\" width=\"658\" height=\"461\" data-srcset=\"https:\/\/www.growshopweb.com\/blog\/wp-content\/uploads\/2025\/07\/02-BANNER-INICIO-TOUR-VIRTUAL2.jpg 658w, https:\/\/www.growshopweb.com\/blog\/wp-content\/uploads\/2025\/07\/02-BANNER-INICIO-TOUR-VIRTUAL2-300x210.jpg 300w\" data-sizes=\"(max-width: 658px) 100vw, 658px\" src=\"data:image\/svg+xml;base64,PHN2ZyB3aWR0aD0iMSIgaGVpZ2h0PSIxIiB4bWxucz0iaHR0cDovL3d3dy53My5vcmcvMjAwMC9zdmciPjwvc3ZnPg==\" style=\"--smush-placeholder-width: 658px; --smush-placeholder-aspect-ratio: 658\/461;\" \/><\/a><br \/>\n<strong>Cultiva a tua can\u00e1bis de forma simples e profissional!<\/strong><\/p>\n<p>Segue-nos no Facebook \u2013 Instagram \u2013 Twitter<\/p>\n<p><!-- Fotos 2 --><\/p>\n<h3><span class=\"ez-toc-section\" id=\"O_que_e_um_kit_de_autocultivo_de_canabis\"><\/span>O que \u00e9 um kit de autocultivo de can\u00e1bis?<span class=\"ez-toc-section-end\"><\/span><\/h3>\n<p>Se decidiste aproveitar o espa\u00e7o da tua casa e come\u00e7ar um cultivo de can\u00e1bis, excelente! J\u00e1 deste um primeiro passo importante.<br \/>\nAgora, para completares este passo e garantires que n\u00e3o falta nenhum acess\u00f3rio para o teu pequeno \u201cjardim verde\u201d, o melhor \u00e9 adquirires um kit de autocultivo.<\/p>\n<p>A quantidade de acess\u00f3rios e produtos pode variar conforme o tipo de cultivo de can\u00e1bis.<\/p>\n<p>Connosco, tamb\u00e9m podes comprar todo o tipo de parafern\u00e1lia para fumadores, como grinders baratos, acess\u00f3rios para can\u00e1bis, tabuleiros para enrolar e isqueiros Clipper.<\/p>\n<p><strong>Redes Sociais:<\/strong><br \/>\n<a href=\"https:\/\/www.instagram.com\/hydroponics_official\/\">Instagram<\/a><br \/>\n<a href=\"https:\/\/www.facebook.com\/HydroponicsBlanes\/\">Facebook<\/a><br \/>\n<a href=\"https:\/\/x.com\/HydroponicsEsp\">X<\/a><br \/>\n<a href=\"https:\/\/es.pinterest.com\/growshophydroponicsblanes\/\">Pinterest<\/a><\/p>\n<p><a href=\"https:\/\/www.growshopweb.com\/\">Grow Shop Online<\/a><\/p>\n","protected":false},"excerpt":{"rendered":"<p>Grow Shop Online em Espanha Na Hydroponics Blanes, Grow Shop Online, colocamos \u00e0 tua disposi\u00e7\u00e3o kits de cultivo de diferentes tamanhos e pre\u00e7os, que se adaptam ao teu or\u00e7amento e \u00e0s tuas necessidades. Tudo o que precisas num \u00fanico site.<\/p>\n","protected":false},"author":1,"featured_media":0,"parent":0,"menu_order":0,"comment_status":"closed","ping_status":"closed","template":"","meta":{"footnotes":""},"class_list":["post-7548","page","type-page","status-publish","hentry"],"yoast_head":"<!-- This site is optimized with the Yoast SEO plugin v27.3 - https:\/\/yoast.com\/product\/yoast-seo-wordpress\/ -->\n<title>Grow Shop Online em Espanha - Hydroponics Blanes<\/title>\n<meta name=\"description\" content=\"Grow Shop Online | Hydroponics Blanes | Espanha. Tudo o que precisas para o autocultivo de can\u00e1bis num s\u00f3 site. AQUI\" \/>\n<meta name=\"robots\" content=\"index, follow, max-snippet:-1, max-image-preview:large, max-video-preview:-1\" \/>\n<link rel=\"canonical\" href=\"https:\/\/www.growshopweb.com\/blog\/pt\/grow-shop-online-em-espanha\/\" \/>\n<meta property=\"og:locale\" content=\"es_ES\" \/>\n<meta property=\"og:type\" content=\"article\" \/>\n<meta property=\"og:title\" content=\"Grow Shop Online em Espanha - Hydroponics Blanes\" \/>\n<meta property=\"og:description\" content=\"Grow Shop Online | Hydroponics Blanes | Espanha. Tudo o que precisas para o autocultivo de can\u00e1bis num s\u00f3 site. AQUI\" \/>\n<meta property=\"og:url\" content=\"https:\/\/www.growshopweb.com\/blog\/pt\/grow-shop-online-em-espanha\/\" \/>\n<meta property=\"og:site_name\" content=\"Blog Hydroponics Blanes\" \/>\n<meta property=\"article:publisher\" content=\"https:\/\/www.facebook.com\/HydroponicsBlanesGrowShop\/\" \/>\n<meta property=\"og:image\" content=\"https:\/\/www.growshopweb.com\/blog\/wp-content\/uploads\/2025\/07\/hydroponics-blanes.jpg\" \/>\n\t<meta property=\"og:image:width\" content=\"1024\" \/>\n\t<meta property=\"og:image:height\" content=\"567\" \/>\n\t<meta property=\"og:image:type\" content=\"image\/jpeg\" \/>\n<meta name=\"twitter:card\" content=\"summary_large_image\" \/>\n<meta name=\"twitter:site\" content=\"@HydroponicsEsp\" \/>\n<meta name=\"twitter:label1\" content=\"Tiempo de lectura\" \/>\n\t<meta name=\"twitter:data1\" content=\"2 minutos\" \/>\n<!-- \/ Yoast SEO plugin. -->","yoast_head_json":{"title":"Grow Shop Online em Espanha - Hydroponics Blanes","description":"Grow Shop Online | Hydroponics Blanes | Espanha. Tudo o que precisas para o autocultivo de can\u00e1bis num s\u00f3 site. AQUI","robots":{"index":"index","follow":"follow","max-snippet":"max-snippet:-1","max-image-preview":"max-image-preview:large","max-video-preview":"max-video-preview:-1"},"canonical":"https:\/\/www.growshopweb.com\/blog\/pt\/grow-shop-online-em-espanha\/","og_locale":"es_ES","og_type":"article","og_title":"Grow Shop Online em Espanha - Hydroponics Blanes","og_description":"Grow Shop Online | Hydroponics Blanes | Espanha. Tudo o que precisas para o autocultivo de can\u00e1bis num s\u00f3 site. AQUI","og_url":"https:\/\/www.growshopweb.com\/blog\/pt\/grow-shop-online-em-espanha\/","og_site_name":"Blog Hydroponics Blanes","article_publisher":"https:\/\/www.facebook.com\/HydroponicsBlanesGrowShop\/","og_image":[{"width":1024,"height":567,"url":"https:\/\/www.growshopweb.com\/blog\/wp-content\/uploads\/2025\/07\/hydroponics-blanes.jpg","type":"image\/jpeg"}],"twitter_card":"summary_large_image","twitter_site":"@HydroponicsEsp","twitter_misc":{"Tiempo de lectura":"2 minutos"},"schema":{"@context":"https:\/\/schema.org","@graph":[{"@type":"WebPage","@id":"https:\/\/www.growshopweb.com\/blog\/pt\/grow-shop-online-em-espanha\/","url":"https:\/\/www.growshopweb.com\/blog\/pt\/grow-shop-online-em-espanha\/","name":"Grow Shop Online em Espanha - Hydroponics Blanes","isPartOf":{"@id":"https:\/\/www.growshopweb.com\/blog\/#website"},"primaryImageOfPage":{"@id":"https:\/\/www.growshopweb.com\/blog\/pt\/grow-shop-online-em-espanha\/#primaryimage"},"image":{"@id":"https:\/\/www.growshopweb.com\/blog\/pt\/grow-shop-online-em-espanha\/#primaryimage"},"thumbnailUrl":"https:\/\/www.growshopweb.com\/blog\/wp-content\/uploads\/2025\/07\/hydroponics-blanes.jpg","datePublished":"2025-07-15T08:42:21+00:00","description":"Grow Shop Online | Hydroponics Blanes | Espanha. Tudo o que precisas para o autocultivo de can\u00e1bis num s\u00f3 site. AQUI","breadcrumb":{"@id":"https:\/\/www.growshopweb.com\/blog\/pt\/grow-shop-online-em-espanha\/#breadcrumb"},"inLanguage":"es","potentialAction":[{"@type":"ReadAction","target":["https:\/\/www.growshopweb.com\/blog\/pt\/grow-shop-online-em-espanha\/"]}]},{"@type":"ImageObject","inLanguage":"es","@id":"https:\/\/www.growshopweb.com\/blog\/pt\/grow-shop-online-em-espanha\/#primaryimage","url":"https:\/\/www.growshopweb.com\/blog\/wp-content\/uploads\/2025\/07\/hydroponics-blanes.jpg","contentUrl":"https:\/\/www.growshopweb.com\/blog\/wp-content\/uploads\/2025\/07\/hydroponics-blanes.jpg","width":1024,"height":567,"caption":"hydroponics blanes"},{"@type":"BreadcrumbList","@id":"https:\/\/www.growshopweb.com\/blog\/pt\/grow-shop-online-em-espanha\/#breadcrumb","itemListElement":[{"@type":"ListItem","position":1,"name":"Portada","item":"https:\/\/www.growshopweb.com\/blog\/"},{"@type":"ListItem","position":2,"name":"Grow Shop Online em Espanha"}]},{"@type":"WebSite","@id":"https:\/\/www.growshopweb.com\/blog\/#website","url":"https:\/\/www.growshopweb.com\/blog\/","name":"Blog Hydroponics Blanes","description":"Art\u00edculos y tablas cultivo para marihuana.","publisher":{"@id":"https:\/\/www.growshopweb.com\/blog\/#organization"},"potentialAction":[{"@type":"SearchAction","target":{"@type":"EntryPoint","urlTemplate":"https:\/\/www.growshopweb.com\/blog\/?s={search_term_string}"},"query-input":{"@type":"PropertyValueSpecification","valueRequired":true,"valueName":"search_term_string"}}],"inLanguage":"es"},{"@type":"Organization","@id":"https:\/\/www.growshopweb.com\/blog\/#organization","name":"Hydroponics Blanes S.L.","url":"https:\/\/www.growshopweb.com\/blog\/","logo":{"@type":"ImageObject","inLanguage":"es","@id":"https:\/\/www.growshopweb.com\/blog\/#\/schema\/logo\/image\/","url":"https:\/\/www.growshopweb.com\/blog\/wp-content\/uploads\/2022\/10\/cropped-LOGOTIPOS-HYDROPONICS-3.png","contentUrl":"https:\/\/www.growshopweb.com\/blog\/wp-content\/uploads\/2022\/10\/cropped-LOGOTIPOS-HYDROPONICS-3.png","width":591,"height":95,"caption":"Hydroponics Blanes S.L."},"image":{"@id":"https:\/\/www.growshopweb.com\/blog\/#\/schema\/logo\/image\/"},"sameAs":["https:\/\/www.facebook.com\/HydroponicsBlanesGrowShop\/","https:\/\/x.com\/HydroponicsEsp","https:\/\/es.pinterest.com\/growshophydroponicsblanes\/","https:\/\/www.instagram.com\/hydroponics_official\/"]}]}},"_links":{"self":[{"href":"https:\/\/www.growshopweb.com\/blog\/wp-json\/wp\/v2\/pages\/7548","targetHints":{"allow":["GET"]}}],"collection":[{"href":"https:\/\/www.growshopweb.com\/blog\/wp-json\/wp\/v2\/pages"}],"about":[{"href":"https:\/\/www.growshopweb.com\/blog\/wp-json\/wp\/v2\/types\/page"}],"author":[{"embeddable":true,"href":"https:\/\/www.growshopweb.com\/blog\/wp-json\/wp\/v2\/users\/1"}],"replies":[{"embeddable":true,"href":"https:\/\/www.growshopweb.com\/blog\/wp-json\/wp\/v2\/comments?post=7548"}],"version-history":[{"count":1,"href":"https:\/\/www.growshopweb.com\/blog\/wp-json\/wp\/v2\/pages\/7548\/revisions"}],"predecessor-version":[{"id":7551,"href":"https:\/\/www.growshopweb.com\/blog\/wp-json\/wp\/v2\/pages\/7548\/revisions\/7551"}],"wp:attachment":[{"href":"https:\/\/www.growshopweb.com\/blog\/wp-json\/wp\/v2\/media?parent=7548"}],"curies":[{"name":"wp","href":"https:\/\/api.w.org\/{rel}","templated":true}]}}