{"id":4702,"date":"2025-01-30T15:35:04","date_gmt":"2025-01-30T15:35:04","guid":{"rendered":"https:\/\/www.growshopweb.com\/blog\/?page_id=4702"},"modified":"2025-01-30T15:47:04","modified_gmt":"2025-01-30T15:47:04","slug":"grow-shop-en-ligne-en-espagne","status":"publish","type":"page","link":"https:\/\/www.growshopweb.com\/blog\/fr\/grow-shop-en-ligne-en-espagne\/","title":{"rendered":"Grow Shop en ligne en Espagne"},"content":{"rendered":"\r\n\r\n\r\n<p>Chez <strong>Hydroponics Blanes, Grow Shop Online<\/strong>, nous mettons \u00e0 votre disposition des kits de culture de diff\u00e9rentes tailles et gammes de prix, s\u2019adaptant \u00e0 votre budget et \u00e0 vos besoins.<\/p>\r\n<p>Tout ce dont vous avez besoin sur un seul site web.<\/p>\r\n<p><strong>Cultivez votre cannabis de mani\u00e8re simple et professionnelle !<\/strong><\/p>\r\n\r\n\r\n\r\n<p>&nbsp;<\/p>\r\n\r\n\r\n<div class=\"wp-block-image\">\r\n<figure class=\"aligncenter size-large\"><img decoding=\"async\" class=\"alignnone wp-image-2905 lazyload\" title=\"Hydroponics Blanes Grow Shop Online\" data-src=\"https:\/\/www.growshopweb.com\/blog\/wp-content\/uploads\/2022\/10\/ENTRADAS-BLOG_hydroponics-1-1024x567.jpg\" alt=\"Hydroponics Blanes Grow Shop Online\" width=\"1024\" height=\"567\" data-srcset=\"https:\/\/www.growshopweb.com\/blog\/wp-content\/uploads\/2022\/10\/ENTRADAS-BLOG_hydroponics-1-1024x567.jpg 1024w, https:\/\/www.growshopweb.com\/blog\/wp-content\/uploads\/2022\/10\/ENTRADAS-BLOG_hydroponics-1-300x166.jpg 300w, https:\/\/www.growshopweb.com\/blog\/wp-content\/uploads\/2022\/10\/ENTRADAS-BLOG_hydroponics-1-768x425.jpg 768w, https:\/\/www.growshopweb.com\/blog\/wp-content\/uploads\/2022\/10\/ENTRADAS-BLOG_hydroponics-1.jpg 1170w\" data-sizes=\"(max-width: 1024px) 100vw, 1024px\" src=\"data:image\/svg+xml;base64,PHN2ZyB3aWR0aD0iMSIgaGVpZ2h0PSIxIiB4bWxucz0iaHR0cDovL3d3dy53My5vcmcvMjAwMC9zdmciPjwvc3ZnPg==\" style=\"--smush-placeholder-width: 1024px; --smush-placeholder-aspect-ratio: 1024\/567;\" \/><\/figure>\r\n<\/div>\r\n\r\n\r\n<p>Nous sommes une entreprise qui, depuis 2014, travaille pour vous fournir tout ce dont vous avez besoin pour l&#8217;auto-culture de cannabis.<\/p>\r\n<p><strong>Dans notre boutique en ligne, vous trouverez :<\/strong><\/p>\r\n<ul>\r\n<li><a href=\"https:\/\/www.growshopweb.com\/fertilizantes\" target=\"_blank\" rel=\"noopener noreferrer\">Engrais et fertilisants.<\/a>.<\/li>\r\n<li><a href=\"https:\/\/www.growshopweb.com\/macetas-y-bandejas\" target=\"_blank\" rel=\"noopener noreferrer\">Pots et plateaux.<\/a><\/li>\r\n<li><a href=\"https:\/\/www.growshopweb.com\/control-plagas\" target=\"_blank\" rel=\"noopener noreferrer\">Lutte contre les nuisibles.<\/a><\/li>\r\n<li><a href=\"https:\/\/www.growshopweb.com\/riego\" target=\"_blank\" rel=\"noopener noreferrer\">Irrigation.<\/a><\/li>\r\n<li><a href=\"https:\/\/www.growshopweb.com\/armarios-cultivo\" target=\"_blank\" rel=\"noopener noreferrer\">Tentes de culture.<\/a><\/li>\r\n<li><a href=\"https:\/\/www.growshopweb.com\/control-de-clima\" target=\"_blank\" rel=\"noopener noreferrer\">Contr\u00f4le du climat.<\/a><\/li>\r\n<li><a href=\"https:\/\/www.growshopweb.com\/iluminacion\" target=\"_blank\" rel=\"noopener noreferrer\">\u00c9clairage.<\/a><\/li>\r\n<li><a href=\"https:\/\/www.growshopweb.com\/parafernalia\" target=\"_blank\" rel=\"noopener noreferrer\">Accessoires<\/a><\/li>\r\n<!--<li><a href=\"https:\/\/www.cbdshoponline.es\/\" target=\"_blank\" rel=\"noopener noreferrer\">Parapharmacie cannabique<span style=\"display: inline-block; width: 0px; overflow: hidden; line-height: 0;\" data-mce-type=\"bookmark\" class=\"mce_SELRES_start\"><\/span>.<\/a><\/li>--><\/ul>\r\n\r\n\r\n\r\n<h2 class=\"wp-block-heading\">Grow Shop Online<\/h2>\r\n<p>Cultiver votre propre cannabis et devenir autosuffisant, c&#8217;est d\u00e9sormais possible. Vous ne d\u00e9pendrez plus des autres lorsque vous aurez envie de fumer, et vous pourrez en plus contr\u00f4ler la qualit\u00e9 de votre cannabis, tout en d\u00e9couvrant un nouveau passe-temps \u00e0 la fois amusant et enrichissant.<\/p>\r\n<p>Avant d\u2019acheter du mat\u00e9riel et des graines, il est important de d\u00e9cider si vous souhaitez cultiver votre cannabis en int\u00e9rieur ou en ext\u00e9rieur.<br \/>Ainsi, vous pourrez choisir l\u2019\u00e9quipement qui vous convient le mieux et \u00e9viter d\u2019acheter du mat\u00e9riel co\u00fbteux et inutile.<\/p>\r\n<p>Nous mettons \u00e0 votre disposition des kits de culture de diff\u00e9rentes tailles et gammes de prix, adapt\u00e9s \u00e0 votre budget et \u00e0 vos besoins.<\/p>\r\n<p><strong>Cultivez votre cannabis de mani\u00e8re simple et professionnelle !<\/strong><\/p>\r\n\r\n\r\n\r\n\r\n\r\n<p>Suivez-nous sur <a href=\"https:\/\/www.facebook.com\/HydroponicsBlanesGrowShop\/\" target=\"_blank\" rel=\"noopener noreferrer\">Facebook<\/a> &#8211; <a href=\"https:\/\/www.instagram.com\/hydroponics_official\/\" target=\"_blank\" rel=\"noopener noreferrer\">Instagram<\/a> &#8211; <a href=\"https:\/\/twitter.com\/HydroponicsEsp\" target=\"_blank\" rel=\"noopener noreferrer\">X (Twitter)<\/a><\/p>\r\n\r\n\r\n\r\n<figure class=\"wp-block-image size-full\"><a href=\"https:\/\/my.matterport.com\/show\/?m=jxCSHRsyFTw&amp;play=1\"><img decoding=\"async\" class=\"alignnone wp-image-2906 lazyload\" title=\"Hydroponics Blanes Grow Shop Online\" data-src=\"https:\/\/www.growshopweb.com\/blog\/wp-content\/uploads\/2022\/10\/BANNER-INICIO-TOUR-VIRTUAL2.jpg\" alt=\"Hydroponics Blanes Grow Shop Online\" width=\"658\" height=\"461\" data-srcset=\"https:\/\/www.growshopweb.com\/blog\/wp-content\/uploads\/2022\/10\/BANNER-INICIO-TOUR-VIRTUAL2.jpg 658w, https:\/\/www.growshopweb.com\/blog\/wp-content\/uploads\/2022\/10\/BANNER-INICIO-TOUR-VIRTUAL2-300x210.jpg 300w\" data-sizes=\"(max-width: 658px) 100vw, 658px\" src=\"data:image\/svg+xml;base64,PHN2ZyB3aWR0aD0iMSIgaGVpZ2h0PSIxIiB4bWxucz0iaHR0cDovL3d3dy53My5vcmcvMjAwMC9zdmciPjwvc3ZnPg==\" style=\"--smush-placeholder-width: 658px; --smush-placeholder-aspect-ratio: 658\/461;\" \/><\/a><\/figure>\r\n\r\n\r\n\r\n<h3><strong>Qu&#8217;est-ce qu&#8217;un kit d&#8217;autoculture de cannabis ?<\/strong><\/h3>\r\n<p>Si vous avez d\u00e9cid\u00e9 d&#8217;exploiter l&#8217;espace disponible chez vous et de vous lancer dans la culture du cannabis, <strong>excellente d\u00e9cision !<\/strong> Vous avez d\u00e9j\u00e0 franchi une premi\u00e8re \u00e9tape importante.<\/p>\r\n<p>Pour aller plus loin et vous assurer de ne manquer <strong>aucun accessoire essentiel<\/strong> pour votre petit &#8220;jardin vert&#8221;, l\u2019id\u00e9al est d\u2019opter pour un <strong>kit d\u2019autoculture<\/strong>.<\/p>\r\n<p>Le contenu du kit peut varier en fonction du type de culture que vous souhaitez r\u00e9aliser.<\/p>\r\n<p>Avec nous, vous pouvez \u00e9galement acheter <strong>toute la panoplie du fumeur<\/strong>, comme des grinders \u00e0 petit prix, des accessoires pour cannabis, des plateaux \u00e0 rouler et des briquets Clipper.<\/p>\r\n\r\n\r\n","protected":false},"excerpt":{"rendered":"<p>Chez Hydroponics Blanes, Grow Shop Online, nous mettons \u00e0 votre disposition des kits de culture de diff\u00e9rentes tailles et gammes de prix, s\u2019adaptant \u00e0 votre budget et \u00e0 vos besoins. Tout ce dont vous avez besoin sur un seul site web. Cultivez votre cannabis de mani\u00e8re simple et professionnelle ! &nbsp; Nous sommes une entreprise [&hellip;]<\/p>\n","protected":false},"author":1,"featured_media":0,"parent":0,"menu_order":0,"comment_status":"closed","ping_status":"closed","template":"","meta":{"footnotes":""},"class_list":["post-4702","page","type-page","status-publish","hentry"],"yoast_head":"<!-- This site is optimized with the Yoast SEO plugin v27.5 - https:\/\/yoast.com\/product\/yoast-seo-wordpress\/ -->\n<title>Grow Shop Online Hydroponics Blanes Engrais et Graines<\/title>\n<meta name=\"description\" content=\"Grow Shop Online | Hydroponics Blanes | Espagne. Tout ce dont vous avez besoin pour l&#039;auto-culture de cannabis sur un seul site web. ICI\" \/>\n<meta name=\"robots\" content=\"index, follow, max-snippet:-1, max-image-preview:large, max-video-preview:-1\" \/>\n<link rel=\"canonical\" href=\"https:\/\/www.growshopweb.com\/blog\/fr\/grow-shop-en-ligne-en-espagne\/\" \/>\n<meta property=\"og:locale\" content=\"es_ES\" \/>\n<meta property=\"og:type\" content=\"article\" \/>\n<meta property=\"og:title\" content=\"Grow Shop Online Hydroponics Blanes Engrais et Graines\" \/>\n<meta property=\"og:description\" content=\"Grow Shop Online | Hydroponics Blanes | Espagne. Tout ce dont vous avez besoin pour l&#039;auto-culture de cannabis sur un seul site web. ICI\" \/>\n<meta property=\"og:url\" content=\"https:\/\/www.growshopweb.com\/blog\/fr\/grow-shop-en-ligne-en-espagne\/\" \/>\n<meta property=\"og:site_name\" content=\"Blog Hydroponics Blanes\" \/>\n<meta property=\"article:publisher\" content=\"https:\/\/www.facebook.com\/HydroponicsBlanesGrowShop\/\" \/>\n<meta property=\"article:modified_time\" content=\"2025-01-30T15:47:04+00:00\" \/>\n<meta property=\"og:image\" content=\"https:\/\/www.growshopweb.com\/blog\/wp-content\/uploads\/2022\/10\/ENTRADAS-BLOG_hydroponics-1.jpg\" \/>\n\t<meta property=\"og:image:width\" content=\"1170\" \/>\n\t<meta property=\"og:image:height\" content=\"648\" \/>\n\t<meta property=\"og:image:type\" content=\"image\/jpeg\" \/>\n<meta name=\"twitter:card\" content=\"summary_large_image\" \/>\n<meta name=\"twitter:site\" content=\"@HydroponicsEsp\" \/>\n<meta name=\"twitter:label1\" content=\"Tiempo de lectura\" \/>\n\t<meta name=\"twitter:data1\" content=\"2 minutos\" \/>\n<!-- \/ Yoast SEO plugin. -->","yoast_head_json":{"title":"Grow Shop Online Hydroponics Blanes Engrais et Graines","description":"Grow Shop Online | Hydroponics Blanes | Espagne. Tout ce dont vous avez besoin pour l'auto-culture de cannabis sur un seul site web. ICI","robots":{"index":"index","follow":"follow","max-snippet":"max-snippet:-1","max-image-preview":"max-image-preview:large","max-video-preview":"max-video-preview:-1"},"canonical":"https:\/\/www.growshopweb.com\/blog\/fr\/grow-shop-en-ligne-en-espagne\/","og_locale":"es_ES","og_type":"article","og_title":"Grow Shop Online Hydroponics Blanes Engrais et Graines","og_description":"Grow Shop Online | Hydroponics Blanes | Espagne. Tout ce dont vous avez besoin pour l'auto-culture de cannabis sur un seul site web. ICI","og_url":"https:\/\/www.growshopweb.com\/blog\/fr\/grow-shop-en-ligne-en-espagne\/","og_site_name":"Blog Hydroponics Blanes","article_publisher":"https:\/\/www.facebook.com\/HydroponicsBlanesGrowShop\/","article_modified_time":"2025-01-30T15:47:04+00:00","og_image":[{"width":1170,"height":648,"url":"https:\/\/www.growshopweb.com\/blog\/wp-content\/uploads\/2022\/10\/ENTRADAS-BLOG_hydroponics-1.jpg","type":"image\/jpeg"}],"twitter_card":"summary_large_image","twitter_site":"@HydroponicsEsp","twitter_misc":{"Tiempo de lectura":"2 minutos"},"schema":{"@context":"https:\/\/schema.org","@graph":[{"@type":"WebPage","@id":"https:\/\/www.growshopweb.com\/blog\/fr\/grow-shop-en-ligne-en-espagne\/","url":"https:\/\/www.growshopweb.com\/blog\/fr\/grow-shop-en-ligne-en-espagne\/","name":"Grow Shop Online Hydroponics Blanes Engrais et Graines","isPartOf":{"@id":"https:\/\/www.growshopweb.com\/blog\/#website"},"primaryImageOfPage":{"@id":"https:\/\/www.growshopweb.com\/blog\/fr\/grow-shop-en-ligne-en-espagne\/#primaryimage"},"image":{"@id":"https:\/\/www.growshopweb.com\/blog\/fr\/grow-shop-en-ligne-en-espagne\/#primaryimage"},"thumbnailUrl":"https:\/\/www.growshopweb.com\/blog\/wp-content\/uploads\/2022\/10\/ENTRADAS-BLOG_hydroponics-1-1024x567.jpg","datePublished":"2025-01-30T15:35:04+00:00","dateModified":"2025-01-30T15:47:04+00:00","description":"Grow Shop Online | Hydroponics Blanes | Espagne. Tout ce dont vous avez besoin pour l'auto-culture de cannabis sur un seul site web. ICI","breadcrumb":{"@id":"https:\/\/www.growshopweb.com\/blog\/fr\/grow-shop-en-ligne-en-espagne\/#breadcrumb"},"inLanguage":"es","potentialAction":[{"@type":"ReadAction","target":["https:\/\/www.growshopweb.com\/blog\/fr\/grow-shop-en-ligne-en-espagne\/"]}]},{"@type":"ImageObject","inLanguage":"es","@id":"https:\/\/www.growshopweb.com\/blog\/fr\/grow-shop-en-ligne-en-espagne\/#primaryimage","url":"https:\/\/www.growshopweb.com\/blog\/wp-content\/uploads\/2022\/10\/ENTRADAS-BLOG_hydroponics-1.jpg","contentUrl":"https:\/\/www.growshopweb.com\/blog\/wp-content\/uploads\/2022\/10\/ENTRADAS-BLOG_hydroponics-1.jpg","width":1170,"height":648,"caption":"ENTRADAS BLOG hydroponics 1"},{"@type":"BreadcrumbList","@id":"https:\/\/www.growshopweb.com\/blog\/fr\/grow-shop-en-ligne-en-espagne\/#breadcrumb","itemListElement":[{"@type":"ListItem","position":1,"name":"Portada","item":"https:\/\/www.growshopweb.com\/blog\/"},{"@type":"ListItem","position":2,"name":"Grow Shop en ligne en Espagne"}]},{"@type":"WebSite","@id":"https:\/\/www.growshopweb.com\/blog\/#website","url":"https:\/\/www.growshopweb.com\/blog\/","name":"Blog Hydroponics Blanes","description":"Art\u00edculos y tablas cultivo para marihuana.","publisher":{"@id":"https:\/\/www.growshopweb.com\/blog\/#organization"},"potentialAction":[{"@type":"SearchAction","target":{"@type":"EntryPoint","urlTemplate":"https:\/\/www.growshopweb.com\/blog\/?s={search_term_string}"},"query-input":{"@type":"PropertyValueSpecification","valueRequired":true,"valueName":"search_term_string"}}],"inLanguage":"es"},{"@type":"Organization","@id":"https:\/\/www.growshopweb.com\/blog\/#organization","name":"Hydroponics Blanes S.L.","url":"https:\/\/www.growshopweb.com\/blog\/","logo":{"@type":"ImageObject","inLanguage":"es","@id":"https:\/\/www.growshopweb.com\/blog\/#\/schema\/logo\/image\/","url":"https:\/\/www.growshopweb.com\/blog\/wp-content\/uploads\/2022\/10\/cropped-LOGOTIPOS-HYDROPONICS-3.png","contentUrl":"https:\/\/www.growshopweb.com\/blog\/wp-content\/uploads\/2022\/10\/cropped-LOGOTIPOS-HYDROPONICS-3.png","width":591,"height":95,"caption":"Hydroponics Blanes S.L."},"image":{"@id":"https:\/\/www.growshopweb.com\/blog\/#\/schema\/logo\/image\/"},"sameAs":["https:\/\/www.facebook.com\/HydroponicsBlanesGrowShop\/","https:\/\/x.com\/HydroponicsEsp","https:\/\/es.pinterest.com\/growshophydroponicsblanes\/","https:\/\/www.instagram.com\/hydroponics_official\/"]}]}},"_links":{"self":[{"href":"https:\/\/www.growshopweb.com\/blog\/wp-json\/wp\/v2\/pages\/4702","targetHints":{"allow":["GET"]}}],"collection":[{"href":"https:\/\/www.growshopweb.com\/blog\/wp-json\/wp\/v2\/pages"}],"about":[{"href":"https:\/\/www.growshopweb.com\/blog\/wp-json\/wp\/v2\/types\/page"}],"author":[{"embeddable":true,"href":"https:\/\/www.growshopweb.com\/blog\/wp-json\/wp\/v2\/users\/1"}],"replies":[{"embeddable":true,"href":"https:\/\/www.growshopweb.com\/blog\/wp-json\/wp\/v2\/comments?post=4702"}],"version-history":[{"count":5,"href":"https:\/\/www.growshopweb.com\/blog\/wp-json\/wp\/v2\/pages\/4702\/revisions"}],"predecessor-version":[{"id":4707,"href":"https:\/\/www.growshopweb.com\/blog\/wp-json\/wp\/v2\/pages\/4702\/revisions\/4707"}],"wp:attachment":[{"href":"https:\/\/www.growshopweb.com\/blog\/wp-json\/wp\/v2\/media?parent=4702"}],"curies":[{"name":"wp","href":"https:\/\/api.w.org\/{rel}","templated":true}]}}